c - a = -2*c. List the prime factors of c.
5
Let x(n) be the third derivative of n**5/60 + n**4/12 + 2*n**3/3 - 4*n**2. Let t(d) be the first derivative of x(d). What are the prime factors of t(2)?
2, 3
Let x = 8 + -12. Let q be (30/x)/(2/(-8)). List the prime factors of q/4*(-4)/(-6).
5
Suppose -3*g + 0*g + 123 = 0. What are the prime factors of g?
41
Let n(w) = -2*w**3 - 54*w**2 - 7*w - 36. What are the prime factors of n(-27)?
3, 17
Let h = -42 + 72. List the prime factors of h.
2, 3, 5
Let p(d) = d**3 + d**2 + d + 1. Let c be p(-1). Suppose 4*x - 32 - 4 = c. List the prime factors of x.
3
Let v(f) = f**2 - 4*f + 1. List the prime factors of v(-2).
13
Suppose 0 = d - 3*y - 5, -4*d + 5*y = -0*y - 13. Let u be 3/6*d*2. Suppose u*s = 1 + 15. What are the prime factors of s?
2
Suppose 2*j - 4*j = 2*v - 88, 0 = -2*v + 4*j + 118. List the prime factors of v.
7
Let r(q) = -201*q**3 - q**2 - 5*q - 4. What are the prime factors of r(-1)?
3, 67
Let l = 21 + 20. Let g = l - 29. Let p = 18 - g. What are the prime factors of p?
2, 3
Let t be 4/(-18) - (-2)/9. Suppose t = -4*l - l + 5. What are the prime factors of ((-6)/(-9))/(l/3)?
2
Suppose 0 = 4*d - 68 + 20. What are the prime factors of d?
2, 3
Suppose -o - 12 = -4*o. Suppose 5*j = -4*w + o, -3*w - 5*j - 5 = -8*w. What are the prime factors of (-2)/(-4)*(w - -25)?
13
Let l(j) = j + 7. Let x be l(-6). Suppose 4*b + 0*b + 16 = 4*y, -y - 3*b - 12 = 0. Suppose -p - x + 10 = y. List the prime factors of p.
3
Let b = 31 + -19. What are the prime factors of b?
2, 3
Let a be -3 - -1 - 4/(-2). Let w = a - 0. Suppose w = -3*i + 12. List the prime factors of i.
2
Suppose -h + 32 = -5*f, 2*h = f + 13 + 15. What are the prime factors of h?
2, 3
Let p = -18 - -10. Let z be 12/(-5)*(-3 - p). List the prime factors of (z/10)/(6/(-20)).
2
Suppose -4*l - 2*r + 234 = 0, 9 = l + 2*r - 51. Suppose -4*t = 5*p - 67, -l + 16 = -3*p - 3*t. List the prime factors of p.
11
Suppose 7*y = 2*y + 15. Suppose 0 = 2*p - d + 6*d - 46, -d = -y*p + 35. List the prime factors of p.
13
Suppose 0 = -4*g + 4*u - 12, -2*u + 15 = 3*u. Let z be 0 + (0 - g) + 42. Suppose -z = -4*c + 2. List the prime factors of c.
11
What are the prime factors of (2 + -1 - 623)*7/(-14)?
311
Suppose 2*a - 432 = -4*l, -5*l + 0*a - a + 543 = 0. List the prime factors of l.
109
Let d(p) = -1 + 2*p**2 + 47*p**3 - p**2 + 0 + 0. What are the prime factors of d(1)?
47
Let d = 24 - 9. What are the prime factors of d?
3, 5
Suppose y - 5 = 2*b + 13, 125 = 5*y - 3*b. Suppose 2*c = -m - m - 36, -2*c = 6. Let a = y + m. What are the prime factors of a?
13
Suppose -4*o = -5*m - 3*o + 272, 0 = -4*m + o + 217. List the prime factors of m.
5, 11
Let n = -7 + 12. Suppose 4*v - 8 = 0, 5*d - 17 - 8 = n*v. List the prime factors of d.
7
Let d = -13 - -18. Let c = d + -3. Suppose c*z + 2 = 20. List the prime factors of z.
3
Let t(j) = -j**3 - j**2 + 2*j + 3. Let h be t(-2). Suppose h*m - 29 - 4 = 0. What are the prime factors of m?
11
Let a be -2 + 2*(-2)/4. List the prime factors of (1*a)/(4/(-12)).
3
Suppose 2*d + 4 + 0 = 0. Let g be ((-3)/9)/(d/54). Let m = g + -4. List the prime factors of m.
5
Let y be (-312)/(-16)*4/2. Let q = 84 - y. Suppose q = 4*v + 13. List the prime factors of v.
2
Let p be -5*(-3 - (-4)/2). What are the prime factors of (1 - p)*(-370)/40?
37
Let v(f) = -f**3 - 14*f**2 - 12*f + 17. List the prime factors of v(-13).
2
Let i(a) = -a**3 + 5*a**2 + 3*a - 4. Let o be i(4). Suppose -2*p = -7*p - 4*u + o, 0 = -3*p - u + 13. Suppose z + 33 = p*z. List the prime factors of z.
11
Let d(a) be the first derivative of -a**3/3 + 5*a**2/2 - 3*a - 2. Let w be d(3). Suppose -k = -4*z + 49, 2*z = 2*k + w + 29. List the prime factors of z.
11
Let k(q) = 1. Let p(d) be the second derivative of -d**4/12 - 4*d**3/3 + 5*d**2 - d. Let x(s) = 2*k(s) + p(s). What are the prime factors of x(-9)?
3
Suppose -3*x = -6*x - 3. Let i be (-2)/x - (-33)/11. List the prime factors of -1 - ((i - 3) + -13).
2, 5
Suppose -2*h + 4*h = 6. Suppose -4*b + h*q - 4*q = 5, -5 = 3*b + q. Suppose -3*t - 9 + 57 = b. List the prime factors of t.
2
Let d be 884/(-7) + (-2)/(-7). List the prime factors of (d/(-3))/3 + 1.
3, 5
Suppose 0 = b + 4*g - 6, -4*b - 30 = -9*b + 4*g. What are the prime factors of b?
2, 3
Let j = -4 + 4. Suppose -3*t = 2*x - 4, -5*x + j*t + 32 = 2*t. What are the prime factors of x?
2
What are the prime factors of -3*(-237)/99 - (-2)/(-11)?
7
Let h(x) = -x**2 - 3*x + 4. Let n be h(-3). Suppose 4*u - n - 4 = 0. What are the prime factors of u?
2
Let m(v) = 3*v**2 - v - 1. Let c be 1/(-1*3/6). What are the prime factors of m(c)?
13
Let x be 22 + -1 + 4 + -4. Let j = -8 + x. List the prime factors of j.
13
Suppose -2*z - 5 = 95. Let h = z - -86. What are the prime factors of h?
2, 3
Suppose 21 = t - 19. Suppose 4*q + 2*a - 30 = 0, q + 5*a - t = -2*q. Suppose -q*c - 4*g = -c - 56, -2*g = c - 18. List the prime factors of c.
2, 5
Let b = -4 + 4. Let n(w) = -w + 15. List the prime factors of n(b).
3, 5
Suppose -5*d = -3*c - 21, -c + 27 = 4*d - 0*c. What are the prime factors of d?
2, 3
Suppose 0 = -2*c + 5*c - 9. Suppose c*s - 156 = -s. List the prime factors of s.
3, 13
Suppose -2*r = r. Let n = 11 - r. What are the prime factors of n?
11
Let k = 8 - -11. List the prime factors of k.
19
Let k(c) = 6*c**2 + c**3 - 3*c + 2*c + 5*c + 3 - 5*c. List the prime factors of k(-6).
3
Suppose -z = -g + 29, -z - 85 = -3*g + 3*z. List the prime factors of g.
31
Let r = 32 + 45. List the prime factors of r.
7, 11
Let o be ((4 - 2) + 0)*-1. Let z be (-1 - 5)*4/(-6). List the prime factors of ((-10)/4)/(o/z).
5
Let g be 135/(-21) + (-3)/(-7). Let m = 10 + g. List the prime factors of m.
2
Let d(u) = u**2 + 9*u + 8. Let t be d(-8). Suppose 4*l + 0*r + r - 22 = t, -3*l + 13 = -r. What are the prime factors of l?
5
Suppose -3*x = 3*y + x + 6, y + x = -1. Let w be (-262)/(-4) - 1/(-2). Suppose -c = y*c - w. What are the prime factors of c?
2, 11
Suppose 0 = -4*o + 5*n - 225, -3*n + n - 6 = 0. List the prime factors of o*((-12)/(-8))/(-3).
2, 3, 5
Let x(z) = z**3 - 6*z**2 + 8*z - 3. Let f be x(5). Let d be 2*4/(16/(-6)). Let g = d + f. List the prime factors of g.
3
Let i = -50 + 79. What are the prime factors of i?
29
Suppose -533 + 3281 = 12*r. List the prime factors of r.
229
Let d be (-22)/2 - (-7 + 4). What are the prime factors of d/24 - (-98)/6?
2
What are the prime factors of 580/36 - (-5)/(-45)?
2
Let b(y) = -5 - y - 2 + 1. Let h be b(-6). Suppose 0 = -3*a + 5*x - x + 14, 3*a + 2*x - 2 = h. List the prime factors of a.
2
Suppose -2*i - 4*m + 28 = -82, 0 = -3*i + 4*m + 125. What are the prime factors of i?
47
Let o = -1 + 1. Let a = 4 - o. Let l = a - -1. What are the prime factors of l?
5
Suppose -x - 3*x = -12. Suppose 1 = z - x. Suppose v = z*n - 71, 5*v - 73 = -5*n + v. What are the prime factors of n?
17
Let g = -11 + 13. List the prime factors of 147/14 + (-3)/g.
3
Let q = 0 + 10. Suppose -o = -q + 3. What are the prime factors of o?
7
Suppose 51 = -4*b + 263. What are the prime factors of b?
53
Suppose 0 = 4*p + 2*t - 214, 5*p - 4*p - 56 = -t. List the prime factors of p.
3, 17
Suppose -5*k + 3*g - 13 = 0, 4*k + 5*g = 6*k - 10. Let u(r) = -r**3 - 4*r**2 + 2*r + 4. List the prime factors of u(k).
19
Let h = 23 + -21. Suppose 5*m - 120 = -5*x, -60 = -h*m + 3*x - x. What are the prime factors of m?
3
Suppose 5*k + 0*k = -4*b + 44, 2*k - 15 = b. Suppose -f - 2*q + 3 = -4, -4*f = 5*q - 22. Suppose -f*t = -k*t + 80. List the prime factors of t.
2
Let u = 26 + -11. What are the prime factors of u?
3, 5
Let a(x) = 3*x + 31. List the prime factors of a(11).
2
Suppose 2*b - 5 = -n, -b + 5*n + 35 = 4*b. Suppose 4*r = 8, -6*w - 3*r = -b*w - 26. List the prime factors of w.
2, 5
Let o = -23 - -32. Let d be 6/o*(-42)/(-4). Let v(a) = -a**3 + 6*a**2 + 7*a + 5. What are the prime factors of v(d)?
5
Suppose 0*m + 4*m = 0. Suppose 4*n - 33 - 15 = m. What are the prime factors of n?
2, 3
Suppose 3*h - 148 = 2*w, 4*h - 248 = -h + 2*w. What are the prime factors of h?
2, 5
Let n = -8 - -10. Suppose 2*s - 235 = 5*p, -n*p - 2*p - 232 = -2*s. Suppose -5*u = -3*z - s, -46 = 3*u - 3*z - 118. List the prime factors of u.
19
Let t be (-1 + -3)/4 + 2. List the prime factors of -29*(t - (4 + -2)).
29
Suppose -3*r = -4